/12 - r**3/3 - r**2/2 - r - 1. Let w(s) be the first derivative of u(s). Let k be 8 + (5 - 10) - 4. Give w(k).
0
Let g(l) = -l**2 + 5*l - 4. Let c be 6/(-3) + 3 + 20. Suppose -5*a - 6 + c = 0. Determine g(a).
2
Let j(b) = -2*b + 4*b + b - 2*b. Let f be ((-14)/4)/((-13)/(-26)). What is j(f)?
-7
Suppose u - 6 = -3*i - 3, -2*i - 9 = -3*u. Suppose 0 = -u*c + 3 + 9, 12 = 4*v - 2*c. Let k(d) = -10 + 2*d**3 + d - 3*d**3 - 4*d - v*d - 8*d**2. Give k(-7).
-3
Suppose 10 = -216*f + 221*f. Let g(n) be the first derivative of n**f + 8 - n - 2/3*n**3 + 1/4*n**4. Give g(2).
3
Suppose -3*w + 7*w - 2*r - 10 = 0, 3*w = -2*r - 3. Let q = 1 + w. Let l(t) = 5*t**2 - 2*t**2 + t**2 - 1 - 5*t**2 - 1. Calculate l(q).
-6
Suppose -9 = -4*g + 11. Let f(y) = 13*y + 8. Let h(r) be the second derivative of r**3/2 + r**2 + 7*r. Let n(c) = 2*f(c) - 9*h(c). Determine n(g).
-7
Let l(m) be the second derivative of m**3/3 + 4*m**2 + 135*m. Determine l(-6).
-4
Let v(r) = r**2 - r. Let d be 6/21 + 480/35. Let u be ((-21)/d)/((-1)/(-2)). Give v(u).
12
Let x(y) = -y + 2. Let q be -5*((-48)/(-10))/(-4). Suppose 0*t = -2*i + 2*t - q, -i - 4*t = -12. Determine x(i).
2
Let s be (-5)/15*((-4)/(-1) - 10). Let g(f) be the second derivative of -1/3*f**4 + 2*f + 0 + 0*f**3 - f**s - 1/20*f**5. What is g(-4)?
-2
Let d(q) = q**2 - 335*q - 2*q**2 + 166*q + 4 + 168*q. Suppose 5 = -j - 0. Let o be 2/(-4)*(-1 + j). Determine d(o).
-8
Suppose -4*k - 46 = -10. Let j(l) = -6*l**2 - 6. Let f(d) = -12*d**2 - d - 13. Let o(z) = k*j(z) + 4*f(z). Give o(2).
18
Suppose 2*k + p = -4*p - 5, 0 = 5*p + 5. Let x(t) be the second derivative of -t**4/12 - t**3/6 - 3*t**2 + 299*t. What is x(k)?
-6
Suppose -2*k - 10 + 14 = 0. Let h be (-1)/k + (-15)/(-6). Let d(i) be the first derivative of 2*i**3/3 - 3*i**2/2 + 3*i + 1. Give d(h).
5
Let s(x) = x**3 + 6*x**2 - 2*x - 7. Suppose 2*q = 4*n - 3*n + 25, -56 = -5*q - 4*n. Suppose k + q = -k. What is s(k)?
5
Let n(y) = y + 3. Suppose 0 = -p - 13*p + 28. Let s(f) = 2*f + 6. Let u(l) = p*s(l) - 5*n(l). Suppose -2*k = -k. What is u(k)?
-3
Let u(m) = m**3 - m - 6. Let n(q) = 43*q**3 - q**2 - q + 1. Let h be n(-1). Let x be (-4)/14 - 12/h. Determine u(x).
-6
Let q(a) = a**2 - 3. Suppose -5 = -5*m + 5. Suppose -4*n + m = -6. Suppose 19 = -g + 5*k + 2, -6 = n*g - 3*k. Give q(g).
6
Let k(y) be the third derivative of 7/24*y**4 + 0 + 0*y + 5/6*y**3 + 1/60*y**5 - 2*y**2. Calculate k(-4).
-7
Let f = 169 + -166. Let o(x) = -x**3 + 5*x**2 - 2*x - 3. Determine o(f).
9
Suppose -5*v = -4*s + 6 + 9, -2*v = -s + 6. Let k(g) = g + 3. Give k(s).
3
Suppose c = 4*g - 2*g - 2, -3*g + 3 = -5*c. Let j(l) = -l**2 - l - 12. Determine j(c).
-12
Let a(l) = -l + 2. Let z be (-124)/(-9) + (-12)/(-54). Suppose -2*n - 5*g = -24, 8*n - 5*n - 5*g = -z. Let p be n - (12/(-3) + 3). Give a(p).
-1
Suppose 0*h = -7*h + 49. Let c(y) = y**3 - 8*y**2 + 6*y + 1. Give c(h).
-6
Let j(p) be the second derivative of p**5/20 + p**4/12 + p**3/3 + 5*p**2/2 + p - 9. Calculate j(0).
5
Let a(t) = 2*t**2 - t + 1. Let u = -1314 + 1312. What is a(u)?
11
Let h(g) = g + 1. Let o be -9*3*(-5)/45. Suppose -4*k = 2*y + 4, -3*y + 11 + 10 = -o*k. Let l = y - 1. Give h(l).
4
Suppose -6*y - 10*y = -80. Let j(v) be the first derivative of -5*v**2/2 + 6*v - 5. Determine j(y).
-19
Let f(t) be the second derivative of 0*t**3 + 1/2*t**2 - 10*t - 2/3*t**4 + 0. Give f(1).
-7
Let v be 12/20 + (-9 - (-282)/30). Let y(r) = -11*r + 2. Determine y(v).
-9
Let q(k) = -21*k**3 - 2*k**2 + 1. Let p = 1 + -2. Give q(p).
20
Let v(h) = h**2 + 7. Let x(f) = -f**2 + 2*f - 8. Let b(k) = 4*v(k) + 3*x(k). Determine b(-2).
-4
Let f(z) = -3*z + 39. Let q be f(12). Let s(r) = 2*r - 2. Calculate s(q).
4
Let f(z) = z**2 - 5*z - 1. Let p(q) = -10*q**3 + 3*q**2 - 8*q + 9*q**3 - 7 + 6*q**2. Let x be p(8). Let h(l) = -l - 4. Let j be h(x). Give f(j).
-7
Let k(j) = 71*j - 133*j - 8 + 20 + 57*j. What is k(3)?
-3
Let w(b) = -b**2 + b. Let m(x) = -x**2 + 87. Let h be m(0). Suppose j + 3*g = 37, g = -3*j - 2*g + h. Let d be (6/(-15))/((-10)/j). What is w(d)?
0
Let v(f) = f - 3. Let o be v(3). Let c(j) = -2 + j - 3 + 2 + 5. Give c(o).
2
Let n be (-24)/8*(-4)/6. Suppose -f + 1 = -d - n, 0 = -3*f + 4*d + 11. Let v(j) = -4*j + 1. Give v(f).
-3
Let m(r) be the first derivative of -17*r**2/2 + r + 1. Let i(l) = -l**3 - 3*l**2 - l - 2. Let x be i(-3). Give m(x).
-16
Let i = 45 + -35. Suppose i = -2*o, -o - 13 = 2*v - 4*v. Let m(l) = l**2 - 6*l + 4. Give m(v).
-4
Let h(l) be the second derivative of l**6/120 + 7*l**5/60 + l**4/8 - 5*l**3/6 - 5*l**2/2 - 10*l. Let m(x) be the first derivative of h(x). Calculate m(-6).
13
Let q(s) = 4 + 4 - 9 + 17*s**2 - 3*s + 4*s. Give q(1).
17
Let k(i) = -19*i**2 + 314 - 2*i - 310 + 17*i**2. Determine k(2).
-8
Let i(l) = 3*l + 7. Suppose 33 = 2*d + d. Let v = d - 16. Give i(v).
-8
Let f = -113 - -119. Let o(b) = -b**2 + 5*b + 7. What is o(f)?
1
Let o(w) = -w**3 - 4*w**2 + w - 2. Let z(l) = -21*l**2 - 1. Let v be z(1). Let n = -18 - v. Suppose n*i + 12 = i. What is o(i)?
-6
Let w(z) = -z**2 - z. Let c(d) = -2*d**2 + 172*d**3 + 2 - d**2 - 171*d**3 - 3*d. Let l(t) = -c(t) + 3*w(t). Let o be 0/(1*(-2)/2). Give l(o).
-2
Let w(a) = 3*a - 1. Let b(c) = 20*c - 38. Let l be b(2). Calculate w(l).
5
Let g(h) = h**3 + 5*h**2 + h - 2. Let u = 144 + -135. Let w be (u + -5 + -12)*(-2)/(-4). Give g(w).
10
Let o(u) = u - 7. Let x be o(0). Let d(n) = -6*n + 0*n**2 - 4*n + 3*n - n**2 + 1. Determine d(x).
1
Let o = -7/104 - -59/104. Let q(j) be the second derivative of j**2 + 0 + 1/12*j**4 + 1/20*j**5 + o*j**3 - 4*j. Give q(-2).
-8
Suppose 2*x - 4*o + 44 = 0, -o - 36 = 2*x + 3*o. Let c = 20 + x. Suppose 2*i + 18 = -2*i + 3*a, c = -5*i + a - 17. Let m(b) = -2*b**2 - 4*b - 2. Give m(i).
-8
Let o = -625 + 616. Let y(i) = -i**2 - 9*i + 9. Give y(o).
9
Let y(k) = k**3 - 18*k**2 + 16*k + 24. Let o be y(17). Suppose o*z - 6*z + 2*x = 10, 4*z = x - 5. Let p(w) = -w**2 - w + 9. Calculate p(z).
9
Let x(a) = 12 - 3*a + 2*a - 4. Suppose -w = 22 - 33. Let u = 11 - w. Give x(u).
8
Let k = 844 - 848. Let z(p) = p + 4. Give z(k).
0
Let n be (12/7)/(14/(-98)). Let j = -12 - n. Let q(x) = -x + 13. Determine q(j).
13
Suppose h = -17 + 21. Let a(u) = 5*u**3 + 7*u**2 - 10*u + 6. Let v(k) = 3*k**3 + 3*k**2 - 5*k + 3. Let g(n) = h*a(n) - 7*v(n). What is g(6)?
9
Let r(f) = 7*f**2 + 8*f + 18. Let t(s) = 11*s**2 + 13*s + 27. Let k(l) = -8*r(l) + 5*t(l). Calculate k(0).
-9
Suppose -3*r = -r - 4. Suppose -r*l = -4*c - 0*c - 26, -2*c - 17 = -5*l. Let q(h) = -h**2 - 2*h + 2. Give q(c).
-22
Let t(h) = 7*h + 17709 - 17716 - h. What is t(2)?
5
Let r = -32 - 0. Let k = -28 - r. Let q(j) = -j**3 + 3*j**2 + 4*j + 3. What is q(k)?
3
Let u = -3 - 0. Let f be u + 2 + -4 + -1. Let j be 2 + 1 + f + 2. Let l(t) = -t. Give l(j).
1
Let o(c) = -c**3 - 5*c**2 - 2. Let d = 46 - 51. Give o(d).
-2
Let v(d) = d - 6. Let u(b) = -b + 11. Let y(h) = -3*u(h) - 5*v(h). Suppose 0 = 4*l + 3*m - 4, 0*m - 20 = -3*l + 2*m. Suppose l*s = -14 - 2. Calculate y(s).
5
Let a(h) = h - 7. Suppose -330 = -13*k + 125. Suppose -k*m = -34*m. Calculate a(m).
-7
Suppose -v = 3*b + 2, 3*v - 3*b = 28 - 10. Suppose 3*h - v*o - 5 = -11, 0 = 2*h - 5*o + 11. Let n(q) = q**2 + 3*q - 3. Calculate n(h).
7
Let k(a) = -a**3 + 5*a**2 - 2*a + 7. Let j(x) = -x**2 - 1. Let o(i) = -5*j(i) - k(i). Let q(g) = 2*g + 12 + 2*g + 2*g - 5*g. Let n be q(-10). Calculate o(n).
10
Let q(y) = -4*y**2 + 8*y + 6. Let r(b) = -3*b**2 + 5*b + 4. Let l(c) = 5*q(c) - 7*r(c). Let w(m) = -3*m**3 - 52*m**2 - 15*m + 31. Let a be w(-17). What is l(a)?
-4
Let u be 2/(-2)*(-3)/(-3). Let l(p) = -91*p**3 + p**2 + 2*p + 2 - 1 + 63*p**3 + 36*p**3. What is l(u)?
-8
Let z(v) = -v + 4. Let y be z(0). Suppose 3*p - 16 = -y*l - p, -l - 5*p = -16. Let s be (-39)/(-13) + (l - 0). Let d(t) = t**3 - 3*t**2 - 7*t + 6. Give d(s).
-6
Let s(x) = x - 5. Let i(f) = 1 - 8 + 6. Let q(n) = -2*i(n) + s(n). Determine q(6).
3
Let d(h) = h - 7. Suppose -49*t - 48 = -53*t. Let s(b) = -b**2 + 13*b - 12. Let u be s(t). Calculate d(u).
-7
Let s(h) = h**2 + 9*h + 14. Suppose -105*y + 88 = -116*y. Give s(y).
6
Let n(q) = -q - 8. Let m be n(-8). Let c(v) be the first derivative of v**3/3 + v**2/2 + 5*v + 11. Calculate c(m).
5
Suppose -8 = 4*x - 5*n + 1, 4*n = -5*x + 40. Let m = 1513 - 864. Let l(y) = -y**2 + 2 + 